 = 11*u - 18969, 0 = -5*u - 15. List the prime factors of f.
3, 29, 109
What are the prime factors of 2573 - (42/861 - (-125)/(-41))?
2, 7, 23
Suppose -27*i + 360 = -24*i. Let c = 119 - i. Let o = 259 - c. List the prime factors of o.
2, 5, 13
Suppose -4*h - 2*w = -7*w - 26890, 3*h - 20158 = -w. What are the prime factors of h?
2, 3, 5, 7
Let q be (2 - (-46)/4)/(3/4). Suppose 3*i - q = -3*y, -3*i + 6*y = y - 10. What are the prime factors of (i + -1)/(-5*(-10)/925)?
2, 37
Let w(u) = -554*u - 17. Let k be w(-26). Suppose 6322 = 13*h - k. What are the prime factors of h?
3, 59
Suppose -y = 5*w + 41, -y + w = -6*y - 325. Suppose 0 = a - 5*x - 21, -2*a + 4*x = -4*a + 14. Let z = a - y. What are the prime factors of z?
7, 11
Suppose -3*u + 5*q + 0 = 23, 4*q = -5*u - 26. Let g = u - -141. List the prime factors of g.
3, 5
Suppose -9958*z = -9963*z + 55595. What are the prime factors of z?
11119
Suppose 146*w = 232*w - 1039654. What are the prime factors of w?
7, 11, 157
Let n = -31528 + 63001. What are the prime factors of n?
3, 13, 269
What are the prime factors of (-390)/(-8)*(275 - 31)?
3, 5, 13, 61
Suppose -2*u + 3*n = -789, -3*u + 5*n + 1970 = 2*u. Let c = -208 + u. Let s = c + -81. What are the prime factors of s?
2, 13
Let b(h) = 192*h**3 + 2*h**2 - 1. Let r(f) = -192*f**3 - 3*f**2 + 2. Let p(a) = 3*b(a) + 2*r(a). List the prime factors of p(1).
193
Let i(k) = -k + 5. Let v be i(2). Suppose -20 = -v*j + 31. Suppose -h = -0*q - 5*q - j, -12 = -3*h + 2*q. What are the prime factors of h?
2
Let g = 34290 + -12484. List the prime factors of g.
2, 10903
Suppose 2*h - 478 = -502. Let g(l) = -l**3 - 3*l**2 - 13*l + 11. List the prime factors of g(h).
7, 11, 19
Let b(u) = 33*u**2 + 39*u - 43. List the prime factors of b(-15).
7, 971
Let r be -126*1188/(-385)*(-10)/4. Let p = r + 1668. What are the prime factors of p?
2, 3, 29
Let q(g) = 13*g**3 + 2*g**2 - 2. Let j = -25 - -63. Suppose 40*y - 4 = j*y. List the prime factors of q(y).
2, 5, 11
Suppose 4*h = 2*f + 64, -4*f = 2*h - 55 + 23. List the prime factors of h.
2
Let r(b) = 71*b**2 + 11*b - 41. Let l be r(6). Suppose -621 = 5*w - l. What are the prime factors of w?
2, 7
Suppose -2*q + 806 = v + 3*v, -423 = -q + 3*v. Let b = -2931 - -2935. Suppose 4*r - n - q = b*n, -2*n + 2 = 0. List the prime factors of r.
2, 13
Suppose 96*y - 1154755 - 52157 = 0. List the prime factors of y.
2, 7, 449
Let v be (-2 - -1)/(1/(-167)). Suppose -v = 4*w - a, 3*w + 162 = -2*a + 23. List the prime factors of (4 - 3)*3 - w.
2, 23
Let i(t) = 3*t**2 + t + 4. Suppose 3*a = 4*a - 5*a. Let x be i(a). Suppose -2*k = 4*l - 234, k - 4*k + x*l = -381. List the prime factors of k.
3, 41
Let i = 116824 + -65178. What are the prime factors of i?
2, 7, 17, 31
Let m = 8037 + -5505. Let w = -1377 + m. List the prime factors of w.
3, 5, 7, 11
Suppose -4*k - 2*o + 13050 = 0, 4*o + 3240 = -62*k + 63*k. List the prime factors of k.
2, 5, 163
Suppose 0 = -2*f - 8 - 0. Let w(l) = -3*l**3 - 12 + 4 - 6*l + 1 - 7*l**2. What are the prime factors of w(f)?
97
Let c be (3 - 1)/((-5)/150*-4). Suppose -5*b + 664 = 4*d, c*b - 20*b + 663 = 3*d. List the prime factors of b.
2, 3, 11
Let n(j) be the first derivative of j**4/4 + 17*j**3/3 - 9*j**2 - 15*j - 81. List the prime factors of n(-16).
23
What are the prime factors of 13080 + 2 + (-62 - -68)?
2, 409
Let c(l) = -l**3 - 5*l**2 - 11*l + 1. Let a be c(-6). What are the prime factors of -7 + a + -4 - (1 + 2)?
89
Suppose 5*b + 110 = 5*o + 410, 280 = -5*o - 5*b. What are the prime factors of (1392/(-96))/(1/o)?
29
Let s be ((-10)/(-8))/((-6)/(-72)) - 4. Suppose -k = -s - 3. Let v(z) = 7*z + 41. What are the prime factors of v(k)?
139
Suppose -5*t + 42 = -o, -2*t + 8*o = 3*o - 3. Suppose -2*a = -t + 5, -333 = -g - 5*a. List the prime factors of g.
17, 19
Let n be ((-38)/19)/(2/(-5)). List the prime factors of (n + 1)*(-8)/(128/(-1688)).
3, 211
Let m(s) be the first derivative of -s**3/3 + 488*s - 45. What are the prime factors of m(0)?
2, 61
Suppose -5*n + 118456 = 2*a, -35094 - 12322 = -2*n + 4*a. List the prime factors of n.
2, 3, 11, 359
Let k(z) = -11*z - 116. Let c be k(-4). What are the prime factors of (-5962)/(-18) - 1 - (-16)/c?
2, 3, 5, 11
Let a = 159 + 106. Suppose a*j = 272*j - 3871. List the prime factors of j.
7, 79
Suppose 1203768 = 48*o - 591192. What are the prime factors of o?
3, 5, 277
Suppose -l + 26444 = 3*g, 2*g - 2*l - 7591 = 10041. List the prime factors of g.
5, 41, 43
Let z be (9 + 78)/((-12)/8). What are the prime factors of z/(-87)*177/2?
59
Suppose 0 = s + 4*o - 2*o - 6, 15 = 5*s + 5*o. What are the prime factors of 15*16 + s + -4?
2, 59
Let p(c) = 51*c**2 + 20*c - 3. What are the prime factors of p(12)?
3, 7, 19
Let s be 100/(-6)*9/(-6). Suppose 0 = 13*j - s*j + 25272. List the prime factors of j.
2, 3, 13
Let u(j) = 3941*j + 3766. List the prime factors of u(10).
2, 3, 7, 257
What are the prime factors of (-90)/75 + 4/40*14762?
5, 59
Let t = 740 + -383. Let p be (2/2)/((-3)/t). Let d = 19 - p. List the prime factors of d.
2, 3, 23
Suppose w - 76*b = -79*b + 14361, -w - 5*b + 14361 = 0. List the prime factors of w.
3, 4787
List the prime factors of (3 + 26772/(-16))*28/(-21).
17, 131
List the prime factors of -4 - -1 - (-3)/2*259138/33.
2, 23
List the prime factors of 368/(9 + 2403/(-270)).
2, 5, 23
Let n be 21/35*(-8155)/(-7). Let d = n - 181. What are the prime factors of d?
2, 7, 37
Let m = 1 + 3. What are the prime factors of m + (734/4 - (-5)/(-10))?
11, 17
Let i(u) = -8*u - 106. Let s(z) = z**2 - 9*z - 23. Let a be s(0). What are the prime factors of i(a)?
2, 3, 13
Let t be (-6*2)/((6/(-44))/1). Let s = 199 - t. List the prime factors of s + 4 + 1 + -9.
107
Suppose -i = 4*m - 27, 2*i - 4*m = -i + 65. Let q be i/92 + (-33)/(-8)*-74. Let l = q - -454. What are the prime factors of l?
149
Let x = -665 - -670. Suppose 0 = -3*s + g + 679, -10*s = -x*s + 5*g - 1165. What are the prime factors of s?
2, 3, 19
Let k(b) = -5*b - b - b**3 - 12*b**2 - 3*b + 10 + 3*b. Suppose -3*j - 30 = 2*q, 5*j = 2*j + 5*q - 51. What are the prime factors of k(j)?
2, 41
Let g be 4/5*(4 + 21/6). List the prime factors of (g/(-1))/(12/(-352)).
2, 11
Let i(l) = 5*l**2 + 119*l + 11427. What are the prime factors of i(-63)?
3, 5, 317
Let u be -18*((-6)/12*-2)/(-2). Suppose 1601 + 901 = u*b. What are the prime factors of b?
2, 139
Let f(l) be the first derivative of 21*l**2/2 + 308*l - 170. What are the prime factors of f(60)?
2, 7
Suppose -8*c - 7*c + 5460 = 0. Suppose 0 = -5*a + 9 - 34, 4*a = 4*b - c. Let w = b - 11. What are the prime factors of w?
3, 5
Suppose 156 = -2*q - 2*g, 430 = -5*q - 4*g + 7*g. Let z be 0 + -3 + (0 - -159 - 2). Let c = z + q. What are the prime factors of c?
71
Let r(s) = 16*s + 5. Let i be r(10). Let q = -36 + i. Let f = -24 + q. What are the prime factors of f?
3, 5, 7
Let w(z) = 21*z**2 + 337*z - 184. List the prime factors of w(49).
2, 3, 5, 89
Let g(p) = 2*p**2 - 22*p + 5. Let c be g(11). Suppose c*a = -6*r + 3*r + 434, 2*a = -r + 146. What are the prime factors of r?
2, 3, 23
Suppose -2 = p + f, -3*f = 4 + 8. Let h be (5/p)/((-11)/(-154)). Suppose 301 + h = 4*g. What are the prime factors of g?
2, 3, 7
Let m = 1745 - 371. What are the prime factors of m?
2, 3, 229
Let s(j) be the second derivative of 19*j**3/3 - 13*j**2/2 - 3*j - 3. List the prime factors of s(9).
7, 47
Let u(r) = 10*r**2 + 10*r + 17. Let j(x) = -6*x + 93. Let o be j(17). What are the prime factors of u(o)?
11, 67
Let k = 35560 + -19242. List the prime factors of k.
2, 41, 199
Let r(f) = f**3 - 50*f**2 - 75*f - 69. Let l be r(53). Let x = -2759 + l. What are the prime factors of x?
2, 7, 29
Let l(s) = s**3 - 19*s**2 - 5*s + 172. List the prime factors of l(0).
2, 43
Suppose 27382 = 10*g - 5358. What are the prime factors of g?
2, 1637
Let r be (11538/72)/((-2)/(-32)). Suppose -r - 1104 = -14*y. What are the prime factors of y?
2, 131
Let p(f) = 163*f**3 + 2*f**2 - 25*f + 63. List the prime factors of p(3).
3, 13, 113
Suppose 450*g - 445*g + 30 = 0, -4*m + 83528 = -4*g. List the prime factors of m.
2, 17, 307
Suppose -4*a + 1484 + 1379 = y, -5*a + 3570 = 3*y. Let z = a - 304. What are the prime factors of z?
7, 59
Let q(f) = -f**2 + 6*f + 17. Let a be q(13). Let h = 104 + a. Let i = h + 48. What a